i) be the first derivative of i**3/3 + 3*i**2 - 7*i - 31. What is j(-8)?
9
Let w(y) = -y**2 + y - 4. Let c = -375 + 378. Give w(c).
-10
Let z(k) be the first derivative of 2*k**3/3 + 3*k**2/2 + 2*k - 332. Give z(3).
29
Suppose -2*w + 15 = 3*f - 3*w, 0 = 4*f + 5*w - 1. Let b(s) = -s**3 + 2*s**2 + 4*s + 4. What is b(f)?
-12
Suppose 0 = -285*b - 64 - 191 - 30. Let z(m) = -4*m + 1. Let i(c) = -9*c + 3. Let h(q) = -2*i(q) + 5*z(q). Determine h(b).
1
Let p(x) = 3*x**2 - 35*x + 27. Let j be 0/6 + (4 + -5)*-11. Calculate p(j).
5
Let w(r) = -27*r**2 - 2*r + 2. Let o = 1023 - 1022. Give w(o).
-27
Let r(b) = -3*b**3 - b**2 - 12*b + 10. Let q(y) = 5*y**3 + 3*y**2 + 13*y - 12. Let h(a) = 2*q(a) + 3*r(a). What is h(-5)?
6
Let g(c) be the first derivative of c**3/3 - 3*c**2 - 2*c - 430. Give g(6).
-2
Let o(t) be the third derivative of t**7/2520 + t**6/360 + t**5/24 + t**4/12 + 35*t**2. Let j(g) be the second derivative of o(g). What is j(-4)?
13
Let r(l) = -l**2 - 21*l + 1. Let n(w) = 2*w. Let z(a) = 6*n(a) + r(a). Calculate z(-9).
1
Let a(v) be the second derivative of -v**4/6 - v**3/3 - 7*v. Suppose 5*r + i + 12 = 0, r + 15 = -3*r + i. What is a(r)?
-12
Let s(v) = -25*v + 15. Let l(h) = -5*h + 3. Let m(r) = 11*l(r) - 2*s(r). Calculate m(2).
-7
Let y be (12 + -12)*(-4)/4. Let d(a) be the third derivative of -1/6*a**4 + 0*a**3 + 0*a - 1/60*a**5 + y - 4*a**2. Determine d(-4).
0
Let q(u) = 3*u + u - 2*u + 3. Let z = -41 + 45. Suppose -z*p = -12 + 32, 0 = 3*r + 4*p + 26. Determine q(r).
-1
Let s(r) = r**3 - 31 + 2178*r**2 + 34 - 2174*r**2 + r. Suppose -4*m + 0*f = 2*f + 26, 2*f + 14 = -m. Calculate s(m).
-1
Let l = -4579/20 + 229. Let n(g) be the second derivative of 0 - 7/2*g**2 - 1/2*g**4 + 2/3*g**3 + l*g**5 - 4*g. Give n(5).
-12
Let p = -309119/120 - -2576. Let w(y) be the third derivative of 0*y - 1/3*y**3 - 11*y**2 - 1/6*y**4 + p*y**6 + 1/30*y**5 + 0. Determine w(-3).
1
Let x(h) = -5*h**2 - 8*h + 3. Let q(t) = 6*t**2 + 7*t - 2. Let j(r) = -5*q(r) - 4*x(r). What is j(-1)?
-9
Let b(k) be the second derivative of k**5/20 + k**4/4 - k**3/6 - 2*k**2 - 6*k - 5. Give b(-2).
2
Let r(y) = y**3 - 5*y**2 - 6*y - 5. Let x be r(6). Let n(f) be the first derivative of -f - 1/2*f**2 + 3. Give n(x).
4
Let j(f) be the first derivative of 1/3*f**3 + 1/2*f**2 + 1 - f + 1/4*f**4. Suppose 7*r = 2*r. Determine j(r).
-1
Let l be 3*12/(-9) - -10. Let i(z) = 2 - z**3 + 3*z + 5*z**2 - 4*z - l*z**2 - 4. Give i(0).
-2
Let i(t) = -13*t - 402. Let z be i(-32). Let j(f) = -f**2 + 15*f - 10. Give j(z).
4
Let y(p) = -p**3 - 21*p**2 - 21*p - 21. Let b(g) = -21*g**2 - 5*g + 6. Let x be b(1). What is y(x)?
-1
Let t(s) = 1 + s - 6*s + 2*s**2 + 0*s. Suppose -b + 6 = 2. Give t(b).
13
Suppose -c + 23 = 5*z, 2*z - 5*c + 1 = -2*c. Let a(m) = m**2 + 4 + 5*m**2 - 8*m**2 + 3*m**2 + z*m. What is a(-3)?
1
Let c(n) be the first derivative of 13*n**3/6 - n**2/2 + 6*n - 6. Let i(u) be the first derivative of c(u). Determine i(-1).
-14
Let y(l) be the third derivative of -1/3*l**3 + 1/30*l**5 + 0*l**4 + 0 - 4*l**2 + 0*l. Let k = -47 - -45. Give y(k).
6
Let c(h) = h**3 - 7*h**2 + 5*h - 8. Suppose -59 = -2*u + 2*q - 203, -288 = 4*u - 2*q. Let s = u + 78. Calculate c(s).
-14
Let p = 14 - 7. Let t = p - 5. Let o(b) = t + 2*b + b**2 - 6*b + 8*b. Determine o(-4).
2
Let x(v) = -v**2 - 9*v - 4. Let t be x(-8). Let d(p) = p**3 + 4 + 2*p**3 - t*p**3 + 2*p**2 + 2*p. Suppose -2*b - b = -9. Determine d(b).
1
Let v(m) = -m**3 + 3*m**2 - 4*m + 3. Let b(f) = f**2 + 0 + 10*f + 1 - 1 + 6. Let a be b(-10). Let u be (-1)/3 - (-20)/a. What is v(u)?
-9
Let c(h) = 2*h**3 - 29*h**2 - 19*h + 52. Let z be c(15). Let v(u) = u**3 + 9*u**2 + 10*u. Calculate v(z).
-16
Let o(y) be the second derivative of -y**7/840 + y**6/120 + y**5/24 + y**4/12 - 31*y**3/6 + 2*y. Let i(k) be the second derivative of o(k). Determine i(4).
6
Let t(s) = 5*s + 14. Let b(a) = a + 2. Let y(i) = 6*b(i) - t(i). What is y(9)?
7
Let l(x) = -8*x**2 - x + 9. Let f(u) = 9*u**2 + 2*u - 10. Let z(v) = -6*f(v) - 7*l(v). Let s = 690 + -686. Determine z(s).
9
Let v be (-1 + 0)/(8/(-40)). Let m(c) = -6 - 3*c**3 + 7*c**3 + 5*c**2 + 2*c - 5*c**3. Calculate m(v).
4
Let c(x) = 6*x**2 - 92*x - 58. Let i be c(16). Let v(y) = 4*y**2 - 5*y + 1. Let u(n) = 11*n**2 - 16*n + 4. Let f(q) = 3*u(q) - 8*v(q). Determine f(i).
-8
Let b(u) = -u - 14. Let v(c) be the third derivative of c**6/120 - 7*c**5/60 - 4*c**3/3 + 8*c**2. Let w be v(7). Calculate b(w).
-6
Let p(x) = -5*x - 7. Suppose -4*b + 5*h = 28, -21*h + 25*h + 35 = -5*b. What is p(b)?
28
Let m(c) = -c**3 + c**2 - c + 2. Let x = 156 + -153. What is m(x)?
-19
Let y(g) be the second derivative of -g**4/6 + 8*g**3/3 + 17*g**2/2 - 7*g - 22. What is y(9)?
-1
Let m(x) = -x**2 - 5*x. Let g be ((-5)/10)/(1/6). Let r be m(g). Let p(j) = -r + 2*j + 3 - 1 + 0*j. Calculate p(4).
4
Let n be (-612)/(-15) + (-20)/25. Suppose -n = -3*w - 22. Let g(y) = -7*y + 3. Let i(o) = -6*o + 3. Let l(v) = -5*g(v) + 6*i(v). What is l(w)?
-3
Let n = 37 + -39. Let b be 27/(-18) - 9/n. Let m(w) = w**3 - 3*w**2 + w - 1. Determine m(b).
2
Let j(p) = -13*p + 11. Let s(r) = -2*r**2. Let w be (-4)/6*9/6. Let d be s(w). Let o(a) = -4*a + 4. Let x(z) = d*j(z) + 7*o(z). Give x(4).
-2
Let x(q) be the first derivative of q**2 + 2*q + 311. Let r be 5/(-2) - 2/4. What is x(r)?
-4
Let n(r) = -2*r - 10. Let p(g) = -g**3 - 7*g**2 + 16*g - 9. Let q be p(-9). Determine n(q).
-28
Let j(x) = -x**3 + 3*x**2 - 3*x + 1. Let y be j(1). Let g(q) be the third derivative of y + 0*q - q**3 + 4*q**2 + 1/24*q**4. Calculate g(5).
-1
Let v = 6 + -4. Let x be 1*(1 - (v - 4)). Let k be -1 + (6/x - 3). Let r(u) = -2*u**2 - 4*u - 2. What is r(k)?
-2
Suppose 1 = -3*t + 13. Suppose 2*l = t*u - 10, -l + 0*l - 4 = -u. Let r(p) = 1. Let i(k) = k + 7. Let z(f) = -i(f) + 4*r(f). Determine z(l).
0
Let j(f) = 66 - 137 - 12*f + f**2 + 52. What is j(12)?
-19
Suppose 0 = 6*l + 9*l. Let j(c) = c + 39. What is j(l)?
39
Let u(g) = -g**3 - 12*g**2 - 8*g + 37. Let m be u(-11). Let o(v) = v**3 - 3*v**2 + 3*v + 5. Determine o(m).
33
Let s(m) = -m**3 - 4*m**2 - m + 2. Let k = -85 + 93. Let z = 10 + -22. Let x = z + k. Give s(x).
6
Let p(j) = 2*j**3 - 5*j**2 + 3*j + 2. Let q(z) = 10*z + 93. Let g be q(-9). Determine p(g).
20
Let z = -7 + 10. Suppose -i = -z - 0. Let d(v) = -i*v - v + v**2 + v. Give d(3).
0
Let w(v) = v + 4. Let o be w(-2). Let i(p) = -p**2 + 4*p + 1. Let q(x) = -x**2 + 4*x + 1. Let f(h) = 2*i(h) - 3*q(h). Give f(o).
-5
Let k(a) = 542 + 7*a**2 - a**3 - 1072 - 8*a + 529. Calculate k(6).
-13
Let l(p) = 6*p**2 - 1. Let i be l(-1). Let r(s) = -s + 9. Let h be r(i). Let j(d) = 3*d + 0*d + 2*d**2 - h*d. Determine j(-1).
3
Let n(u) be the second derivative of -7/6*u**3 + 0 - 1/12*u**4 - 12*u + 9/2*u**2. Give n(-8).
1
Let x(r) = r**3 - 6*r**2 - 9*r. Let h(k) be the second derivative of k**5/10 - 13*k**4/12 - 19*k**3/6 - k**2/2 + 39*k. Let a(u) = 4*h(u) - 9*x(u). What is a(4)?
-16
Let j(l) = -l. Let b(s) = 11*s - 1. Let a be (-3)/6*-2 - 0. Suppose 4*k + 6 = 22. Let c(m) = a*b(m) + k*j(m). Give c(1).
6
Suppose 3*w = -2*g - 30, 2*g - w + 2*w + 22 = 0. Let y(h) = h**2 + 8*h - 10. Determine y(g).
-1
Let u(l) = -4*l - 5. Let c(v) = -2*v + v + 2*v. Let p(j) = j + 9. Let a(h) = -6*c(h) - p(h). Let g(n) = 3*a(n) - 5*u(n). Give g(7).
-9
Let m(r) = -7*r**2 + 6*r + 2. Let g be -2 + 4 + 9/(-3). Let v(w) = -w**2 + w + 1. Let u(q) = g*m(q) + 6*v(q). Let s = 3 - 3. What is u(s)?
4
Let f(y) = -y**3 - 8*y**2 - 7*y - 3. Let n be (-15)/35 + (-276)/42. Determine f(n).
-3
Let k = -40 - -89. Let a = 43 - k. Let x(h) = -h**3 - 7*h**2 - 7*h - 3. What is x(a)?
3
Let i(l) = -65 + 27 + l**2 + 34. What is i(-4)?
12
Suppose 4*y - 421*j = -424*j - 5, j = 2*y + 15. Let s(l) be the first derivative of -l**4/4 - 2*l**3 - 4*l**2 - 7*l + 1. Give s(y).
8
Let v(s) = -3*s + s + 3*s + 2. Let g(j) = -j - 2. Let q(x) = -5*g(x) - 6*v(x). Let z = 5440 + -5434. Calculate q(z).
-8
Let o(g) = 7*g**2 + 19*g + 1. Let v(j) = 20*j**2 + 55*j + 4. Let b(i) = -17*o(i) + 6*v(i). Let n = -5 + -1. What is b(n)?
1
Let w(h) = -9*h**3 - 1. Suppose 3*f - 8 = -4*a, -2*f + 0*f = -2*a - 10. Determine w(a).
8
Let q(c) = -47*c**2 + 17 - 6 - 39*c**2 - 2*c + 87*c**2 - c**3 + 3*c. Let n(u) = -2*u**2 + 5*u + u + 3*u**2 - 7. Let m be n(-7). Calculate q(m).
11
Let m(j) = -